-2 + 33067?
33065
In base 15, what is -c3 + 98?
-2a
In base 12, what is -3 - -52b?
528
In base 3, what is -1 + 1121011002121?
1121011002120
In base 13, what is -428 + -c1?
-519
In base 14, what is -57 + 1381?
1328
In base 10, what is -4 - -298521?
298517
In base 11, what is -15 - -12372?
12358
In base 14, what is 28390 - -13?
283a3
In base 12, what is 1 - 800b?
-800a
In base 11, what is -12089a + 10?
-12088a
In base 6, what is -1554355 + -3?
-1554402
In base 9, what is -1 - 8885?
-8886
In base 7, what is 4 + -1466242?
-1466235
In base 13, what is -2b0 + 35?
-278
In base 15, what is 5 + -12d380?
-12d37a
In base 16, what is 6414 - 6?
640e
In base 13, what is 180a7 - 9?
1809b
In base 15, what is e4c - -590?
14dc
In base 13, what is -141 + 236?
c5
In base 12, what is -2b + 71?
42
In base 7, what is 304432 - 3?
304426
In base 3, what is 1220200 - -12102?
2010002
In base 15, what is -1c2 + -c?
-1ce
In base 8, what is 46 - -2754?
3022
In base 12, what is -1645 + 103?
-1542
In base 16, what is -e + 2b29?
2b1b
In base 7, what is -3 + -45210?
-45213
In base 2, what is -110000 - -1101011110?
1100101110
In base 13, what is 1928 - 0?
1928
In base 9, what is 11 + -8455?
-8444
In base 14, what is 154489 - -2?
15448b
In base 12, what is -3 - 8768?
-876b
In base 5, what is 12 - -11231?
11243
In base 7, what is -131663 - 12?
-132005
In base 9, what is -80 + -126?
-216
In base 11, what is -10 - 56a?
-57a
In base 4, what is 210002 - -10322?
220330
In base 3, what is 12110201 + -12011?
12021120
In base 15, what is c9347 - 0?
c9347
In base 12, what is 406a0 - 19?
40683
In base 3, what is 1020102222 + 12?
1020110011
In base 11, what is 21335 - 0?
21335
In base 7, what is 6 + 124205?
124214
In base 13, what is -3 + -12c10?
-12c13
In base 5, what is -1243102 - 41?
-1243143
In base 12, what is -15 - -40466?
40451
In base 2, what is -11 + -1101111111001010001?
-1101111111001010100
In base 10, what is -2 + -31195?
-31197
In base 9, what is -572545 + 0?
-572545
In base 13, what is 441 + ca?
53b
In base 3, what is -100 + -2010101012?
-2010101112
In base 8, what is 10426343 + 3?
10426346
In base 9, what is 8 - 547?
-538
In base 9, what is -217400 - -3?
-217386
In base 10, what is -5 - 119133?
-119138
In base 3, what is -20110 - 110211201?
-111002011
In base 3, what is 2111100 + -1101?
2102222
In base 3, what is -1122101002 + -121?
-1122101200
In base 4, what is 131023323 + -1?
131023322
In base 7, what is 2232113 + 6?
2232122
In base 5, what is -4 - -111134?
111130
In base 8, what is 13 + 13300?
13313
In base 5, what is 4 + -221444210?
-221444201
In base 4, what is -202131 - -1?
-202130
In base 9, what is 72 - -18572?
18654
In base 2, what is -1101001100 - 10000001?
-1111001101
In base 8, what is 76 - -33026?
33124
In base 4, what is 1 - -1010130?
1010131
In base 2, what is -11000 - 10100110001?
-10101001001
In base 3, what is -10010122220 + 12?
-10010122201
In base 12, what is -17 - 721?
-738
In base 9, what is -20 - -207?
177
In base 6, what is 144 + -1212?
-1024
In base 13, what is 2 + 2357?
2359
In base 12, what is 2 - -5b704?
5b706
In base 5, what is -122 + 321242?
321120
In base 7, what is -3 + -361443?
-361446
In base 12, what is a38 - -85?
b01
In base 9, what is 4 + -40772?
-40767
In base 2, what is -11110 - 11110110001?
-11111001111
In base 14, what is 1912 + -5?
190b
In base 8, what is 1671 + -10?
1661
In base 9, what is -5712 + -101?
-5813
In base 6, what is 52504 + -5?
52455
In base 2, what is 10101 - -11010001010?
11010011111
In base 6, what is 2 - -1130533?
1130535
In base 8, what is 3 - -554405?
554410
In base 11, what is -a63 + -29?
-a91
In base 15, what is 17dd0 - 3?
17dcc
In base 9, what is 1046 - 644?
302
In base 10, what is -2 - 521768?
-521770
In base 11, what is 4 + 155209?
155212
In base 7, what is -62454 + 2?
-62452
In base 5, what is -3 + 130402240?
130402232
In base 7, what is -106636 - 24?
-106663
In base 14, what is -6d32 - 18?
-6d4a
In base 13, what is 20 + -4a6a?
-4a4a
In base 11, what is -37 + 42a?
3a3
In base 4, what is -132023323 + 3?
-132023320
In base 4, what is -31122102 + -11?
-31122113
In base 8, what is 3 - 36151?
-36146
In base 14, what is 218 + 10c5?
12dd
In base 5, what is -233 - 202?
-440
In base 11, what is 61584 - -5?
61589
In base 2, what is -110 + -111011111001001?
-111011111001111
In base 3, what is -2 + 10021012?
10021010
In base 12, what is -37664 - -5?
-3765b
In base 2, what is -100001111011000 - -1?
-100001111010111
In base 3, what is 1211222002 - -1211?
1212000220
In base 11, what is 561 - 6a?
4a2
In base 4, what is 13 + -223010?
-222331
In base 15, what is d + c3e?
c4c
In base 13, what is 1 - -54b?
54c
In base 16, what is -99 + -9f?
-138
In base 12, what is -10 + -2241?
-2251
In base 16, what is 99 - 37?
62
In base 5, what is 2 + 3033121?
3033123
In base 12, what is -45 + -60?
-a5
In base 4, what is -10 + -111303322?
-111303332
In base 7, what is 20302 - -236?
20541
In base 5, what is 2003 - 21434?
-14431
In base 15, what is -3 + 31b0c?
31b09
In base 3, what is 1022 - 120100?
-112001
In base 16, what is -a - -96d?
963
In base 16, what is -ae + 8c9?
81b
In base 16, what is 26 + -2098?
-2072
In base 13, what is 724a7 + -3?
724a4
In base 12, what is -290a - 119?
-2a27
In base 14, what is 6c + -85c2?
-8554
In base 11, what is 131 + -9571?
-9440
In base 11, what is a42805 - 1?
a42804
In base 6, what is 13442 + -3?
13435
In base 14, what is -22620 + -1?
-22621
In base 10, what is 27081 - -6?
27087
In base 13, what is -28619 - 1?
-2861a
In base 16, what is 6122 - -3?
6125
In base 9, what is -7 + 43548?
43541
In base 11, what is -19 - -15a90?
15a72
In base 12, what is -4 + 32330?
32328
In base 10, what is 62 + -5315?
-5253
In base 4, what is -211 + -103100?
-103311
In base 3, what is 1112002011 - 1120?
1112000121
In base 9, what is 74 - -4438?
4523
In base 9, what is 14612 + -20?
14582
In base 10, what is 749693 + 5?
749698
In base 11, what is 68560a + 5?
685614
In base 12, what is -1198 - 6?
-11a2
In base 8, what is 26 + -4521?
-4473
In base 14, what is -43a4 - 7b?
-4441
In base 11, what is -145412 + -5?
-145417
In base 16, what is 5 + 530c9?
530ce
In base 7, what is -1620 + -20?
-1640
In base 3, what is 1021 + -1111221222?
-1111220201
In base 14, what is 50 - 408?
-398
In base 4, what is 13120211 - 3?
13120202
In base 16, what is 263 - 17?
24c
In base 2, what is -1010011001110110010 - -111?
-1010011001110101011
In base 10, what is 80 - 97073?
-96993
In base 12, what is 14 + 1168?
1180
In base 5, what is -22410 - -4?
-22401
In base 15, what is 6c - -142?
1ae
In base 13, what is 5 - 1184c7?
-1184c2
In base 5, what is 1 + -11414113?
-11414112
In base 6, what is 1433 + 100?
1533
In base 13, what is 3 - -5503?
5506
In base 13, what is 6a15b - -4?
6a162
In base 7, what is -3 - 41342?
-41345
In base 2, what is -11010100110 - 100110?
-11011001100
In base 4, what is 112 + 3233230?
3300002
In base 15, what is 34 + -3005?
-2ec1
In base 3, what is -2201 + -2020?
-11221
In base 8, what is -17 + -16274?
-16313
In base 7, what is -15 + 25404?
25356
In base 5, what is 441 - 121112?
-120121
In base 16, what is -4a5db - 3?
-4a5de
In base 13, what is 5 + -19a9ac?
-19a9a7
In base 16, what is -1a - 19b?
-1b5
In base 13, what is -a - -674?
667
In base 5, what is 4122412 - 0?
4122412
In base 16, what is -6db2 - 2?
-6db4
In base 16, what is 5 - 3e4f?
-3e4a
In base 7, what is -5455 - 531?
-6316
In base 16, what is 9d - 140b?
-136e
In base 13, what is 1 + 2124a?
2124b
In base 2, what is 111111100110111010111 - -1?
111111100110111011000
In base 6, what is -5 + -1434245?
-1434254
In base 9, what is 765703 - 0?
765703
In base 9, what is 147126 - 32?
147084
In base 2, what is 110001101110011 + 100011?
110001110010110
In base 3, what is 2012 - 1012101?
-1010012
In base 15, what is -4 + -3a7b?
-3a80
In base 11, what is 136048 + 17?
136064
In base 5, what is -401 - 104234?
-110140
In base 3, what is 2221000 - 111220?
2102010
In base 5, what is 1012 + -130422?
-124410
In base 11, what is -2710 + a87?
-1734
In base 15, what is 5dc - -7?
5e4
In base 11, what is -803 + -45a?
-1162
In base 6, what is -1 + -11220?
-11221
In base 15, what is 3db37b - -2?
3db37d
In base 13, what is 240b + 7?
2415
In base 4, what is 2220 - -11000?
13220
In base 12, what is -28 - 